+ 170*m + 57. Let v(p) = -9*i(p) - 2*z(p). Calculate v(55).
-6
Let x(c) = -25*c + 31. Let i(a) = -79*a + 97. Let d(n) = 6*i(n) - 19*x(n). Suppose -7*f + 3*f = -24. What is d(f)?
-1
Suppose -10*p = -8*p + 192. Let i be 9/((-270)/p) - (-1)/(-5). Let c be (-15)/i + -7 + 4. Let h(o) = 2*o + 10. Give h(c).
-6
Let k(j) be the third derivative of j**6/120 - 7*j**5/30 + 11*j**4/24 + 5*j**3/2 - 27*j**2 - 2*j + 21. Let q be 4/(-18) - (-119)/9. Calculate k(q).
-11
Let j(b) = b**3 + 19*b**2 - 49*b - 24. Let r = 9977 - 9998. What is j(r)?
123
Suppose -9 = -5*r + 4*r. Let m(l) = -2*l**2 - l + 120. Let w(v) = -5*v**2 - 12*v + 351. Let x(t) = 3*m(t) - w(t). Determine x(r).
9
Let z(c) = -c + 1. Suppose -304 = -32*b + 112. Determine z(b).
-12
Let m(r) be the first derivative of -1/4*r**4 + 2*r**2 - 1/3*r**3 - r + 103. What is m(-3)?
5
Suppose -2*p + 192 = 186. Suppose -p*w = -8*w - 5*v - 30, 3*w - 5*v = -26. Let d(h) = -h**3 - 6*h**2 + 4*h + 9. Give d(w).
30
Let m = -25666 - -25665. Let q(f) = -13*f - 7. Give q(m).
6
Let x be 40/12*18/(-15). Let g be (-219*(-2)/x)/(24/(-16)). Let c(l) = 0 + 6 + 80*l - 1 - l**2 - g*l. Give c(8).
-3
Let b(n) = -31*n**2 + 20*n + 47*n**2 + 1 + 41*n**2 - 18*n. Calculate b(-1).
56
Let o = -11 - -37. Suppose -5*w + 33 = -3*b, w + 3*w - 2*b - o = 0. Let y(v) = -v**3 + 7*v**2 - 7*v - 5. Determine y(w).
-11
Let t(x) be the second derivative of x**4/12 + 2*x**3 - 7*x**2 + 9449*x. Let y(g) = -g**2 - 13. Let h be y(0). Give t(h).
-1
Let m(g) be the second derivative of g**5/20 - 2*g**4/3 - 3*g**3/2 + 23*g**2/2 - 8*g + 13. What is m(9)?
23
Let o(y) be the third derivative of y**5/60 + 11*y**4/6 + 209*y**3/6 - 13088*y**2. Determine o(-39).
14
Let y(b) = 5*b**2 + 42*b + 11. Let x(d) = 3*d**2 - 24*d - 260. Let p be x(14). Calculate y(p).
-5
Let i(k) = -k + 9. Suppose 4*r + r - 755 = -5*p, 4*r - 300 = -2*p. Let n = 159 - p. Determine i(n).
2
Let f(y) = -y**3 - 12*y**2 + 19*y - 4. Let c(a) = -a**3 - 6*a**2 + 11*a - 3. Let t(v) = 5*c(v) - 3*f(v). Give t(3).
-9
Let a(r) = r**3 + 4*r**2 - 7*r + 2. Let l be (-6)/2 + (0 - -2)/(-2). Let h be (-6)/51 + -166*l/(-136). What is a(h)?
12
Let r(a) = -a**2 - 12*a - 10. Let d be (-1016)/762 + 58/(-6). Calculate r(d).
1
Let i(o) = -2*o - 1. Let m be (-6)/(-39) + (-3 - (-1788)/39). Suppose 0*p = -3*x + 2*p + 22, -5*x - 3*p = -m. Suppose -r = r + x. Calculate i(r).
7
Let m(l) = -l - 19. Let s(f) = -13*f - 104. Let z(x) = -6*m(x) + s(x). Calculate z(7).
-39
Let f(q) = -5*q - 2. Suppose u - 660 = -4*u. Suppose -4 = 5*w - 14. Let l be w/11 + (-552)/u. Calculate f(l).
18
Let u = -681 + 685. Suppose 399 + u = 31*s. Let w(c) = -c**3 + 12*c**2 + 15*c - 19. Give w(s).
7
Let c be (12 - 6) + (2 - 3). Let p be (-5)/((-25)/c) + (-16)/(-4). Let w(t) = t**3 - 4*t**2 - 5*t + 5. What is w(p)?
5
Suppose -2 = 5*l + 4*x, 0 = -l + 5*l + 4*x. Let y(q) = 14*q**2 - 9*q**2 + 2 - 7*q**2 + 39*q - 41*q. Calculate y(l).
-2
Let n(d) be the third derivative of -9*d**4/8 - 136*d**3/3 - d**2 - 6*d + 46. Determine n(-10).
-2
Let k = 29 - 33. Let s be (-12)/(-5) - (-5)/(50/k). Let h(m) = -s - 3*m + 4*m - 2*m + 2*m. Calculate h(0).
-2
Let t(h) = 19*h**2 + 19*h - 100. Let z(b) = -9*b**2 - 9*b + 47. Let i(w) = 6*t(w) + 13*z(w). Determine i(-5).
-49
Let s(m) be the second derivative of 4/3*m**3 + 1/120*m**5 - 1/12*m**4 + 0 + 0*m**2 - 8*m. Let u(i) be the second derivative of s(i). Calculate u(7).
5
Let q(y) = -3*y**3 + 3*y**2 + 4. Let f(n) = -n**3 + n**2 - 2*n. Let z(r) = -2*f(r) + q(r). What is z(5)?
-76
Suppose -26 = 3*x + 2*y, -2*x - 4*y + y - 24 = 0. Suppose v - 5 = 2*c, -v - 1 - 4 = 3*c. Let z(i) = 6*i - 8*i**2 + 9*i**2 + v + 0. Determine z(x).
1
Let s(x) be the second derivative of x**5/20 + x**4 - 7*x**3/3 - 13*x**2/2 + 16*x. Let y(l) = -12*l**2 + 29*l + 28. Let u be y(-1). Calculate s(u).
0
Let r(c) = -314*c - 3. Let s(j) = 114*j + 1. Let p(o) = -4*r(o) - 11*s(o). Let a be (-60)/(-33) + 6/33. Determine p(a).
5
Let t(q) = -q**2 - 7*q + 9. Let v(i) = 42*i + 496. Let n be v(-12). Give t(n).
1
Let v = -9507 - -9508. Let u(o) = -29*o**3 - 2*o**2 - o. Determine u(v).
-32
Let a(c) = -3*c - 9. Let k be a(-5). Let t(g) = -7*g + 10. Let m(q) = 8*q - 11. Let r(p) = k*m(p) + 7*t(p). Give r(7).
-3
Let h(u) = 190 - 2*u**2 + 3*u**2 - 166 - 9*u. Let i be h(8). Let v be (2*3)/((-24)/i). Let m(r) = r**2 + 3. Give m(v).
19
Let p(l) = 34*l**3 - 70*l**2 + 58*l - 104. Let i(o) = 7*o**3 - 14*o**2 + 12*o - 20. Let j(s) = 29*i(s) - 6*p(s). Determine j(14).
44
Let u(j) = j**2 - 14*j + 16. Let n be (17380/(-143))/(-10) - 4/26. Calculate u(n).
-8
Let d = 22 + -12. Let h = d - 13. Let g(k) be the third derivative of -k**5/60 - 5*k**4/24 - 2*k**3/3 + 63*k**2. Determine g(h).
2
Let k(c) be the second derivative of -3/2*c**2 + 30*c + 1/12*c**4 + c**3 + 0. What is k(-5)?
-8
Let z(u) = u**3 + 5*u**2 - u + 1. Suppose -50*v + 49*v = -8. Suppose 2*n = -2*g - 0*n - v, -2*n = 10. Suppose -4*p - 5 = 4*b - g, -b + p = 9. Calculate z(b).
6
Suppose 172*z + 13*z = 1480. Let j(t) = -3*t + 29. Determine j(z).
5
Let j(p) = p**2 + 52*p + 237. Let h be j(-47). Let q(w) = -6*w. Let z be q(-1). Let b(d) = 0*d + z - h*d - 1 - 1. Determine b(3).
-2
Let u(z) = -879445*z**2 + 1758892*z**2 + 1 - 879449*z**2 + 31*z. Determine u(16).
-15
Suppose -83 - 49 = -22*b. Suppose 5*s = -2*p + 4, -2*p + b*p + 12 = 0. Let y(v) = 4*v**3 - 2*v**2 + v - 1. What is y(s)?
25
Let h be (-3)/(-21) + 25695/63. Let s be ((-6)/(-7))/(1/7). Let b(x) = 412*x + 2 + 0 + x**3 + 0*x**3 - s*x**2 - h*x. What is b(5)?
-3
Let m(y) = 3*y**3 + 4*y**2 + 4*y + 9. Suppose 0 = -10*v - 3011 + 2991. Determine m(v).
-7
Let m(b) = 2*b - 22. Let a(f) = 10*f - 108. Let h(c) = 6*a(c) - 31*m(c). Give h(12).
10
Let i(j) be the first derivative of j**3/3 - 9*j**2/2 - 2*j + 6. Let s = -65 - -72. Calculate i(s).
-16
Let o(t) = t**2 - 10*t + 13. Let k be o(9). Let v be k + (-4 + 2 - 3). Let m(d) = -7*d - 2. Let n be m(v). Let z(x) = x**2 - 7*x + 4. Determine z(n).
-6
Let x(j) = -5*j - 15. Suppose -13*c + 20 = -51 - 72. Determine x(c).
-70
Let v(t) be the second derivative of -19*t + 0 + 1/6*t**3 - 13/2*t**2 - 1/2*t**4. Let i(l) = l**2 + 1. Let x(c) = -5*i(c) - v(c). Determine x(0).
8
Let p(d) = -d + 14. Suppose 1482 = -252*v + 330*v. What is p(v)?
-5
Let b(a) = 2*a**2 - 8*a - 6. Suppose -59*u + 13 = -60*u. Let d = -9 - u. Let j be b(d). Let m(s) = -s - 11. Determine m(j).
-5
Suppose 268*w = 3*j + 272*w + 29, -5*j - 4*w - 27 = 0. Let g(f) = -1 + 10*f**2 + 7*f**2 - 3*f**2. Give g(j).
13
Let n(d) = -2*d - 32 - 29 + 5 + 39 - 4*d. Calculate n(-6).
19
Let d(s) be the first derivative of 1/4*s**4 + 72 + 1/3*s**3 + 1/2*s**2 + 0*s. Give d(-1).
-1
Let t(z) = 260*z - 8. Let n(r) = -44*r + 1. Let w(b) = 13*n(b) + 2*t(b). Give w(2).
-107
Let m(t) = -2*t - 3. Let j(l) = 11*l + 30. Suppose 37*y - 96 = 126. Let c(r) = y*m(r) + j(r). Determine c(13).
-1
Let c(f) = -f + 22. Let y(g) = -45*g - 180. Let t be 20/(20/5) + -9. Let z be y(t). Calculate c(z).
22
Let y(g) = -2*g**3 - 7*g**2 - 5*g - 8. Let c = -7 - -5. Let u(j) = -3*j**2 - 33 + 59 + 57 - j**3 - 2*j - 87. Let a(x) = c*y(x) + 5*u(x). Give a(0).
-4
Suppose 0 = 60*i - 22*i - 266. Let b(y) = -8*y + 63. Let j be b(i). Let v(n) = -2*n + 9. Determine v(j).
-5
Let t(c) = -2*c**2 - 13*c - 12. Suppose -2*m + 4 = 2*u, -212*m - 1 = 3*u - 210*m. What is t(u)?
3
Suppose k + l - 12 = 2*l, -k + 4*l + 24 = 0. Let x(g) = -k*g + 3*g - g + 1 - 3*g. What is x(2)?
-17
Let k(j) = 2*j**2 - 3*j - 2. Suppose -2765*u + 2744*u = -63. Give k(u).
7
Suppose 5*d + 3*h = 7*h + 15, h + 6 = 2*d. Suppose 32 = -d*i + 23. Let c(u) = -9*u. Give c(i).
27
Let n(s) = -3*s - 18. Let c be (-17 - -16)*(3 - 0). What is n(c)?
-9
Let x(c) = 14*c**2 + 2*c + 49 + 25 - 15*c**2 + 16 - 2. Calculate x(10).
8
Let d(i) = -47*i - 235. Suppose -55*o + 53*o + v = 6, -3*o + v = 11. Calculate d(o).
0
Let a(p) = p**3 - 14*p**2 + 12*p + 16. Suppose -20*h + 24*h - 585 = -41*h. What is a(h)?
3
Let y(v) = -4*v + 8. Let d(h) = 202*h - 822. Let c be d(4). Give y(c).
64
Let g(w) be the second derivative of 1/12*w**4 - 58*w + 9/2*w**2 - 4/3*w**3 + 0. Determine g(7).
2
Suppose -b = -3*o - 9, -20 - 2 = 4*o + 2*b. Suppose -f - j = 13, -2*f - 4*j = -3*f + 7. Let s = f - o. Let y(k) = k**3 + 6*k**2 + 5*k + 7. Give y(s).
7
Suppose 2*i + 131 - 1551 = 0. Let f(g) = 707 - 3*g**2 + 2